 the remainder when 5003 is divided by 65?
63
What is the remainder when 332 is divided by 154?
24
Calculate the remainder when 417 is divided by 12.
9
What is the remainder when 63 is divided by 14?
7
What is the remainder when 257 is divided by 10?
7
What is the remainder when 847 is divided by 12?
7
Calculate the remainder when 6 is divided by 3.
0
What is the remainder when 2556 is divided by 231?
15
What is the remainder when 218 is divided by 59?
41
What is the remainder when 1917 is divided by 120?
117
What is the remainder when 453 is divided by 117?
102
What is the remainder when 2411 is divided by 69?
65
What is the remainder when 644 is divided by 85?
49
Calculate the remainder when 816 is divided by 91.
88
What is the remainder when 52 is divided by 14?
10
Calculate the remainder when 1076 is divided by 27.
23
Calculate the remainder when 1290 is divided by 76.
74
Calculate the remainder when 156 is divided by 16.
12
What is the remainder when 77 is divided by 28?
21
What is the remainder when 3122 is divided by 44?
42
What is the remainder when 502 is divided by 9?
7
What is the remainder when 6680 is divided by 131?
130
Calculate the remainder when 96 is divided by 36.
24
Calculate the remainder when 286 is divided by 32.
30
Calculate the remainder when 344 is divided by 4.
0
Calculate the remainder when 1273 is divided by 416.
25
Calculate the remainder when 690 is divided by 99.
96
Calculate the remainder when 266 is divided by 133.
0
Calculate the remainder when 22066 is divided by 12.
10
Calculate the remainder when 419 is divided by 10.
9
Calculate the remainder when 45 is divided by 39.
6
Calculate the remainder when 1120 is divided by 102.
100
Calculate the remainder when 398 is divided by 50.
48
Calculate the remainder when 591 is divided by 160.
111
What is the remainder when 318 is divided by 40?
38
What is the remainder when 50093 is divided by 248?
245
What is the remainder when 246 is divided by 4?
2
What is the remainder when 129 is divided by 44?
41
Calculate the remainder when 18637 is divided by 233.
230
What is the remainder when 10 is divided by 1?
0
What is the remainder when 358 is divided by 44?
6
Calculate the remainder when 140 is divided by 65.
10
What is the remainder when 274 is divided by 72?
58
What is the remainder when 5476 is divided by 20?
16
Calculate the remainder when 2598 is divided by 4.
2
Calculate the remainder when 2950 is divided by 164.
162
What is the remainder when 115 is divided by 48?
19
What is the remainder when 127 is divided by 5?
2
Calculate the remainder when 1018 is divided by 34.
32
Calculate the remainder when 249 is divided by 69.
42
What is the remainder when 17899 is divided by 39?
37
Calculate the remainder when 229 is divided by 201.
28
Calculate the remainder when 415 is divided by 399.
16
What is the remainder when 249 is divided by 84?
81
What is the remainder when 276 is divided by 110?
56
Calculate the remainder when 2136 is divided by 425.
11
What is the remainder when 1751 is divided by 117?
113
What is the remainder when 65 is divided by 6?
5
What is the remainder when 557 is divided by 142?
131
What is the remainder when 336 is divided by 172?
164
What is the remainder when 9506 is divided by 10?
6
Calculate the remainder when 271 is divided by 7.
5
What is the remainder when 713 is divided by 142?
3
What is the remainder when 522 is divided by 25?
22
What is the remainder when 9070 is divided by 89?
81
What is the remainder when 654 is divided by 111?
99
Calculate the remainder when 893 is divided by 74.
5
What is the remainder when 9898 is divided by 60?
58
Calculate the remainder when 283 is divided by 17.
11
What is the remainder when 217 is divided by 84?
49
What is the remainder when 270 is divided by 55?
50
Calculate the remainder when 1943 is divided by 228.
119
What is the remainder when 393 is divided by 44?
41
Calculate the remainder when 4437 is divided by 3.
0
What is the remainder when 22 is divided by 15?
7
What is the remainder when 15605 is divided by 129?
125
Calculate the remainder when 807 is divided by 16.
7
What is the remainder when 111 is divided by 47?
17
Calculate the remainder when 434 is divided by 31.
0
What is the remainder when 374 is divided by 361?
13
What is the remainder when 499 is divided by 33?
4
Calculate the remainder when 207 is divided by 42.
39
What is the remainder when 5900 is divided by 1472?
12
Calculate the remainder when 2671 is divided by 11.
9
Calculate the remainder when 856 is divided by 157.
71
Calculate the remainder when 28 is divided by 15.
13
What is the remainder when 94 is divided by 13?
3
Calculate the remainder when 4529 is divided by 103.
100
What is the remainder when 2409 is divided by 2395?
14
What is the remainder when 693 is divided by 136?
13
Calculate the remainder when 1259 is divided by 42.
41
Calculate the remainder when 620 is divided by 39.
35
Calculate the remainder when 1345 is divided by 90.
85
What is the remainder when 547 is divided by 257?
33
Calculate the remainder when 12640 is divided by 47.
44
What is the remainder when 158 is divided by 59?
40
Calculate the remainder when 541 is divided by 15.
1
Calculate the remainder when 266 is divided by 142.
124
What is the remainder when 123 is divided by 110?
13
Calculate the remainder when 1802 is divided by 86.
82
Calculate the remainder when 81 is divided by 12.
9
Calculate the remainder when 991 is divided by 16.
15
Calculate the remainder when 89 is divided by 42.
5
Calculate the remainder when 186 is divided by 48.
42
What is the remainder when 221 is divided by 121?
100
What is the remainder when 268 is divided by 1?
0
What is the remainder when 200 is divided by 45?
20
What is the remainder when 452 is divided by 7?
4
What is the remainder when 17420 is divided by 19?
16
What is the remainder when 329 is divided by 306?
23
What is the remainder when 414 is divided by 104?
102
Calculate the remainder when 12382 is divided by 24.
22
What is the remainder when 37 is divided by 14?
9
What is the remainder when 2432 is divided by 72?
56
Calculate the remainder when 154 is divided by 78.
76
Calculate the remainder when 4322 is divided by 47.
45
Calculate the remainder when 838 is divided by 15.
13
What is the remainder when 1573 is divided by 105?
103
What is the remainder when 254 is divided by 34?
16
Calculate the remainder when 276 is divided by 15.
6
What is the remainder when 280 is divided by 86?
22
Calculate the remainder when 118 is divided by 29.
2
What is the remainder when 109 is divided by 15?
4
Calculate the remainder when 99 is divided by 21.
15
Calculate the remainder when 153 is divided by 58.
37
What is the remainder when 93 is divided by 19?
17
What is the remainder when 842 is divided by 9?
5
What is the remainder when 18 is divided by 5?
3
What is the remainder when 4090 is divided by 63?
58
Calculate the remainder when 142 is divided by 28.
2
What is the remainder when 431 is divided by 8?
7
What is the remainder when 277 is divided by 17?
5
What is the remainder when 159 is divided by 15?
9
What is the remainder when 292 is divided by 166?
126
Calculate the remainder when 1096 is divided by 217.
11
What is the remainder when 775 is divided by 60?
55
What is the remainder when 1788 is divided by 252?
24
Calculate the remainder when 623 is divided by 12.
11
What is the remainder when 2746 is divided by 682?
18
Calculate the remainder when 2872 is divided by 954.
10
What is the remainder when 8 is divided by 2?
0
Calculate the remainder when 52 is divided by 5.
2
What is the remainder when 70054 is divided by 278?
276
What is the remainder when 516 is divided by 84?
12
Calculate the remainder when 698 is divided by 76.
14
Calculate the remainder when 8410 is divided by 47.
44
Calculate the remainder when 46 is divided by 2.
0
Calculate the remainder when 1389 is divided by 24.
21
What is the remainder when 203 is divided by 41?
39
Calculate the remainder when 935 is divided by 234.
233
What is the remainder when 101 is divided by 17?
16
What is the remainder when 1882 is divided by 173?
152
Calculate the remainder when 554 is divided by 77.
15
Calculate the remainder when 200 is divided by 44.
24
What is the r